digit of l(2)?
6
Let i(w) = w**2 + 20*w - 10. Let f be i(-20). Let k be 2/f - (-29326)/55. Let b = k + -294. What is the units digit of b?
9
Let b = -8234 - -25821. What is the ten thousands digit of b?
1
Let d = -2994 - -2997. Let j be 0 - 1 - (-2 - -1). Suppose -3*w = -j*w + d*q - 108, 4*w = -3*q + 141. What is the tens digit of w?
3
Suppose 42*y + 73*y = 7175310. What is the ten thousands digit of y?
6
Suppose -4*q + 20 = 0, -n + q - 974 + 52 = 0. Let j = -1381 - n. What is the units digit of (14/(-28))/((-1)/j*-2)?
6
Suppose -366660 = 18*u - 38*u. What is the ten thousands digit of u?
1
Let w(u) = 41935*u - 453. What is the units digit of w(1)?
2
Suppose 5*p + 4*l = 21349, -5*p - 2*l + 1903 = -19454. What is the units digit of p?
3
Suppose 12*h - 69179 + 19451 = 0. What is the units digit of h?
4
Let w(p) = 2*p**2 + 2*p - 75. Suppose -14*j - 180 = 4*j. What is the units digit of w(j)?
5
Let t = 179 + -176. Suppose -218 = -4*a - t*n + 279, 0 = 5*a + n - 624. What is the hundreds digit of a?
1
Let n = -35413 - -75269. What is the thousands digit of n?
9
Suppose 4*c - 32*w = -38*w + 255786, 0 = -2*w - 18. What is the thousands digit of c?
3
Let a(j) = 3*j**2 - j - 8 + 8 - 10*j**2 + 10 + j**3. Let w be a(7). Suppose 4*s + 7 - 73 = -2*r, 5*r = -w*s + 172. What is the units digit of r?
5
Let i(x) = 2*x**2 + 14*x - 68. Let j be i(23). Suppose -3*f = -14*m + 15*m - j, -f + 6588 = 5*m. What is the tens digit of m?
1
Let o(w) = 207*w**2 - 180*w - 1106. What is the units digit of o(-6)?
6
Let x(v) = -v + 12. Let f be x(-4). Suppose 5*t + f = 91. What is the units digit of t?
5
Let p(h) = h**3 + 11*h**2 - 27*h - 13. Let a be p(-13). Suppose 4*x - 840 = 4*d + 1608, a = -4*d - 16. What is the units digit of x?
8
Let v = -62 - -63. Suppose r - 1 = v. Suppose -3*p - r*p + 15 = 0. What is the units digit of p?
3
Let q(a) = -3*a + 2. Let l(d) = -d**2 + 10*d - 12. Let c be l(8). Let b(r) = -r**3 + 3*r**2 - 3*r + 6. Let n be b(c). What is the tens digit of q(n)?
6
Let m(j) = 5*j**3 + 59*j**2 + 66*j - 2. What is the hundreds digit of m(-8)?
6
Let k be (107 + 0)/((-2)/(-6)). Suppose 192*d + 10798 + 7289 = 3111. What is the tens digit of (-3)/(k/d - -4)?
2
Let k = 1 + 211. Let p be (182/(-6))/(2702/(-2316)). Suppose -p = 6*v - k. What is the tens digit of v?
3
Let g(u) be the third derivative of u**4/2 + 67*u**3/3 + 3*u**2 - 34. What is the units digit of g(14)?
2
What is the ten thousands digit of 2/(-10) + (-57427256)/(-1480)?
3
Let c(m) = m**3 - 11*m**2 - 27*m + 46. Let q be c(14). Let k = -139 + q. What is the hundreds digit of k?
1
Let f(i) = -i**3 + i**2 - i + 170. Let b be f(0). Suppose -4*a + b = 5*h - 618, -16 = 4*h. What is the units digit of (-34)/85 + a/5?
0
Suppose -76 = -r + 179. Suppose 1121 = 2*d + r. What is the hundreds digit of d?
4
Suppose 167860 + 174242 = 23*v. What is the ten thousands digit of v?
1
Let b = 98 - 100. Let x(j) = -53*j**3 - 3*j**2 - 2*j - 3. What is the tens digit of x(b)?
1
Suppose -4*r + 0*r = -1040. Suppose -17 = 3*a - 5, -c + 5*a + 41 = 0. Suppose -17*s + c*s = r. What is the tens digit of s?
6
What is the tens digit of ((-26)/(-13) + -1)*13565?
6
Let x(q) = -19*q - 2. Let n be x(2). Let w be 1/(4/n*-5). Suppose -15*r + w*r + 3120 = 0. What is the units digit of r?
0
Suppose 0 = 3*h - o + 8 + 3, 5*h + 5*o = -5. Let j(f) = 38*f**2 - 8*f. What is the hundreds digit of j(h)?
3
Let z(g) = g**2 + 4*g + 11. Let s be z(-8). Let n = s - 28. Suppose -6*r = -7*r + n. What is the tens digit of r?
1
Let w(o) = 25*o + 145. Let g be w(-6). What is the units digit of -1 - (-748 + g + 1)?
1
Let o(z) = 9*z + 84. Let s be o(-9). Suppose 2*q = -k + 557, -838 = -s*q + 2*k - 4*k. What is the units digit of q?
6
What is the thousands digit of 103280/7*(-3108)/(-1110)?
1
Let p = -1130 + -800. Let n = p - -2893. What is the hundreds digit of n?
9
Let v(l) = -l**3 + 15*l**2 + 2*l - 40. Let r be v(15). What is the units digit of (-13352)/(-20) + 6/r?
7
Suppose -4180 = -16*k + 86748. What is the thousands digit of k?
5
Let f = 496 + -499. What is the tens digit of (0 + 1510/f)/(6/(-9))?
5
Let p(h) = 4*h**3 + h**2 - 3*h + 2. Let u be p(1). Suppose u*i - z - 753 = 0, 90 = i + 2*z - 87. What is the tens digit of i?
8
Let j(l) = -l - 2. Let z be j(2). Let f be z/16 + 1/4. Suppose 5*v + 4*c - 279 = f, 3*v - 4*c - 164 = -3*c. What is the tens digit of v?
5
Let p(f) = -3*f + 86. Let k be p(0). Suppose 5*w - 21 = 2*w. What is the units digit of k - ((-2)/3 - w/3)?
9
Suppose -4*d - 12 = -7*d. Suppose -d*b - 184 = -2*m, -88 = -2*m - 4*b + 88. What is the tens digit of m?
9
What is the units digit of (-13)/(13/(-6592)) - -9?
1
Let w = -87 - -91. Suppose h + 4*h + 206 = -2*y, -392 = w*y + 5*h. Let l = y - -193. What is the hundreds digit of l?
1
Let a(o) = 5*o**2 + 3*o + 2. Let d be a(-1). Suppose d*g - 5*y - 2588 + 88 = 0, -2*g - 2*y = -1232. What is the units digit of g?
0
What is the tens digit of (-7379254)/(-1315)*1*5?
5
Suppose -781978 + 4948855 = 429*p. What is the thousands digit of p?
9
Let w(o) = o**3 + 18*o**2 - 42*o + 43. Let n(a) = a**3 + 2*a**2 + 3*a - 2. Let h be n(-3). What is the tens digit of w(h)?
8
Let p be 25/(-15) - (-28)/6. Suppose 0 = j - 3*o - 9, -7*o + p*o = 3*j + 12. Suppose -2*q = -j*q + 4*u - 70, 3*u + 9 = 0. What is the tens digit of q?
4
Let l(a) = -12 + 42 + a + 5 - 60*a + 19*a. What is the hundreds digit of l(-19)?
7
What is the tens digit of (340/3)/((47/54)/47)?
2
Let x be -2*(-3 - -4) + (-8)/2. What is the tens digit of (-1 + x)/(5/(-110))?
5
Let s be 23 - (1 - (-19 - -1)). Suppose -2*d + 20 = -d. Suppose 0 = 5*h - h + d, -s*v + 2*h + 82 = 0. What is the tens digit of v?
1
Let a = -18235 - -26289. What is the hundreds digit of a?
0
Suppose -4*w - 286 = s, 5*s - 9 - 1 = 0. Suppose -2*f + 112 = -178. Let v = w + f. What is the units digit of v?
3
Let t(j) be the third derivative of -j**4 - 32*j**3/3 - 110*j**2. What is the tens digit of t(-9)?
5
Let a be -6*1 - 414/(-18). What is the units digit of 1*-1 + (13 - a) - -155?
0
Let j(o) = o + 68. Let s be j(4). Suppose u - g + 4*g = s, -4*g = -12. What is the tens digit of u?
6
Let v(c) = -c**3 - 11*c**2 + 11*c - 7. Let m be v(-12). Let l be 8 + 1 - (m + -1). Suppose 103 = 4*r - 4*y - 181, 340 = l*r - 2*y. What is the units digit of r?
6
Suppose 869 = 5*x - 4*q, -3*x - 183 = -2*q - 706. Suppose 5*w = 2*k + 2*k + x, 0 = -4*w + 2*k + 144. What is the units digit of w?
7
Let f(u) = 501*u**2 - 152*u - 1374. What is the thousands digit of f(-9)?
0
What is the hundreds digit of 63914/18 + 40/180?
5
Suppose -72324 = -85*b + 81*b. What is the thousands digit of b?
8
Let x(z) = z**3 - 31*z**2 + 485*z + 24. What is the tens digit of x(13)?
8
Let s = 54891 + 11434. What is the units digit of s?
5
Suppose -11*g = -105312 - 112482 - 2745. What is the ten thousands digit of g?
2
Let y(x) = 7*x**3 + x**2 + 2*x + 2. Let d be y(-1). Let o be ((-182)/(-7) - -1)*d/(-2). Let b = o + 40. What is the hundreds digit of b?
1
Let x(k) = -107*k**2 + k - 1. Suppose 0 = 5*j - m + 9, 3*m - 12 + 5 = -5*j. Let s be x(j). Let q = s - -190. What is the tens digit of q?
8
Let v(c) = -c**3 + 17*c**2 - 10*c + 5. Let a(z) = 2*z**3 - 17*z**2 + 9*z - 4. Let i(n) = -2*a(n) - 3*v(n). What is the tens digit of i(-18)?
0
Suppose -3*r - 534 = 5*q - 13860, 0 = -4*q - 4*r + 10664. What is the units digit of q?
4
Suppose 38*x - 76*x + 62358 = 0. What is the hundreds digit of x?
6
Suppose -740*g = -812*g + 1627983 - 348255. What is the thousands digit of g?
7
Let o be (-4)/((-16)/(-20)) + 0. Let d(q) = -q**2 - 4*q + 5. Let l be d(o). Suppose -4*g = -l*p + 2*p - 186, p - 89 = -3*g. What is the hundreds digit of p?
1
Let x(p) = p**2 + 16*p + 53. Let f be x(-12). Suppose -t = -f*b + 2647, -5*b + 2665 = 2*t + 3*t. What is the hundreds digit of b?
5
Suppose -5*k + 16 = 2*z, 4 = 2*k - 4. What is the hundreds digit of (-13 - -13) + 1 + (-764)/z?
3
Let h(l) = 219*l**2 + 66*l + 13. What is the hundreds digit of h(6)?
2
Suppose 10*u = -7532 + 24422. What is the units digit of u?
9
Suppose 0 = v + 4*v - 3*o - 73, v + 4*o = 33. Let k = 129 + v. What is the tens digit of k?
4
Suppose -c = 2*z - 15633, -2*z + 24827 + 22056 = 3*c. What is the tens digit of c?
2
Suppose i = -0*i + 1726. Suppose 0 = 4*y - i - 1034. Suppose y = 30*z - 25*z